est common divisor of 68 and 34.
34
What is the greatest common divisor of 30038 and 92?
46
Calculate the greatest common divisor of 1135 and 30.
5
What is the greatest common factor of 66 and 2046?
66
What is the highest common divisor of 1179 and 81?
9
What is the highest common factor of 4 and 390?
2
What is the greatest common divisor of 36 and 738?
18
Calculate the greatest common factor of 150 and 30.
30
What is the highest common divisor of 3360 and 252?
84
Calculate the highest common divisor of 38347 and 31.
31
What is the highest common divisor of 148 and 555?
37
What is the highest common factor of 6 and 1014?
6
Calculate the greatest common factor of 38624 and 32.
32
Calculate the highest common divisor of 14 and 224.
14
Calculate the greatest common divisor of 222 and 962.
74
Calculate the highest common factor of 2080 and 390.
130
What is the greatest common factor of 893 and 94?
47
What is the highest common divisor of 552 and 36?
12
What is the highest common factor of 1029 and 63?
21
Calculate the highest common factor of 4014 and 72.
18
Calculate the greatest common factor of 183 and 17751.
183
Calculate the greatest common divisor of 178 and 12994.
178
Calculate the highest common divisor of 6880 and 10.
10
What is the greatest common factor of 93 and 3?
3
Calculate the greatest common divisor of 40580 and 20.
20
What is the highest common divisor of 273 and 17745?
273
Calculate the greatest common factor of 960 and 5568.
192
What is the greatest common divisor of 25 and 225?
25
Calculate the highest common divisor of 3180 and 48.
12
Calculate the highest common divisor of 31 and 1178.
31
Calculate the highest common divisor of 4 and 2684.
4
Calculate the highest common divisor of 55 and 35.
5
Calculate the highest common divisor of 5 and 1055.
5
What is the highest common divisor of 15 and 7485?
15
What is the greatest common factor of 75 and 1185?
15
What is the highest common factor of 253 and 46?
23
Calculate the greatest common factor of 965 and 5.
5
Calculate the highest common factor of 2033 and 76.
19
Calculate the greatest common divisor of 36 and 24.
12
Calculate the highest common factor of 1815 and 135.
15
What is the highest common factor of 360 and 375?
15
What is the highest common factor of 36 and 564?
12
Calculate the greatest common factor of 6 and 12.
6
What is the greatest common divisor of 42 and 147?
21
Calculate the highest common divisor of 1577 and 399.
19
What is the greatest common factor of 30 and 183?
3
What is the highest common factor of 5 and 45?
5
What is the highest common divisor of 5 and 5450?
5
What is the greatest common divisor of 594 and 176?
22
Calculate the highest common divisor of 45 and 18.
9
What is the highest common factor of 3610 and 40?
10
Calculate the greatest common divisor of 40 and 160.
40
What is the highest common divisor of 69 and 184?
23
Calculate the greatest common factor of 5678 and 34.
34
What is the greatest common divisor of 17617 and 237?
79
Calculate the greatest common divisor of 4990 and 110.
10
What is the greatest common factor of 68 and 96?
4
Calculate the greatest common divisor of 9875 and 553.
79
What is the greatest common divisor of 4 and 1214?
2
What is the greatest common divisor of 65 and 1820?
65
Calculate the greatest common factor of 51 and 816.
51
Calculate the greatest common divisor of 7936 and 372.
124
What is the highest common factor of 2673 and 22?
11
What is the highest common divisor of 1306 and 2?
2
Calculate the highest common factor of 710 and 1.
1
What is the highest common factor of 3355 and 55?
55
Calculate the highest common factor of 6 and 106.
2
What is the highest common factor of 5400 and 75?
75
What is the highest common divisor of 273 and 117?
39
What is the greatest common factor of 33762 and 102?
102
What is the greatest common divisor of 18 and 19404?
18
Calculate the greatest common factor of 55 and 1760.
55
What is the greatest common divisor of 1805 and 4693?
361
What is the greatest common divisor of 1241 and 34?
17
Calculate the highest common divisor of 6708 and 468.
156
What is the highest common divisor of 22300 and 4?
4
What is the highest common factor of 148 and 851?
37
What is the highest common divisor of 6 and 64?
2
What is the greatest common divisor of 260 and 156?
52
Calculate the highest common divisor of 72 and 180.
36
What is the highest common divisor of 36 and 9?
9
Calculate the highest common divisor of 369 and 1353.
123
Calculate the greatest common factor of 2159 and 508.
127
What is the highest common divisor of 32 and 688?
16
Calculate the highest common divisor of 864 and 624.
48
What is the highest common factor of 230 and 10?
10
Calculate the highest common divisor of 85 and 238.
17
What is the greatest common divisor of 108 and 11124?
108
Calculate the greatest common divisor of 67 and 8.
1
What is the highest common factor of 11 and 1243?
11
Calculate the greatest common factor of 255 and 5525.
85
What is the highest common divisor of 39 and 37869?
39
What is the highest common factor of 840 and 21504?
168
Calculate the highest common divisor of 67 and 1139.
67
What is the greatest common divisor of 6 and 186?
6
What is the greatest common factor of 855 and 90?
45
What is the greatest common factor of 13568 and 1024?
256
Calculate the highest common factor of 576 and 256.
64
Calculate the greatest common divisor of 14306 and 92.
46
What is the greatest common factor of 1442 and 14?
14
What is the highest common factor of 4212 and 364?
52
What is the greatest common factor of 18 and 8?
2
Calculate the highest common divisor of 336 and 378.
42
Calculate the highest common divisor of 96 and 1560.
24
What is the highest common factor of 992 and 93?
31
What is the highest common factor of 247 and 3?
1
Calculate the highest common divisor of 9701 and 356.
89
What is the highest common factor of 198 and 132?
66
What is the highest common divisor of 7871 and 17?
17
Calculate the highest common factor of 14269 and 95.
19
Calculate the greatest common divisor of 2703 and 51.
51
What is the greatest common divisor of 441 and 11613?
147
What is the greatest common divisor of 190 and 266?
38
Calculate the highest common factor of 70 and 50330.
70
What is the greatest common divisor of 282 and 94?
94
Calculate the greatest common factor of 3367 and 65.
13
Calculate the highest common factor of 697 and 17.
17
Calculate the greatest common divisor of 140 and 66.
2
Calculate the greatest common factor of 141 and 11797.
47
What is the highest common factor of 230 and 90?
10
Calculate the highest common factor of 56 and 602.
14
What is the highest common factor of 16 and 26896?
16
Calculate the greatest common divisor of 126 and 70.
14
What is the greatest common divisor of 366 and 12?
6
Calculate the highest common factor of 10 and 1310.
10
What is the greatest common factor of 46 and 253?
23
Calculate the greatest common divisor of 5002 and 246.
82
What is the highest common divisor of 225 and 3465?
45
What is the highest common divisor of 66 and 374?
22
What is the highest common factor of 592 and 11100?
148
Calculate the highest common divisor of 95 and 25.
5
What is the highest common divisor of 848 and 954?
106
Calculate the highest common factor of 54 and 630.
18
What is the highest common factor of 48 and 800?
16
Calculate the greatest common divisor of 225 and 27.
9
Calculate the greatest common divisor of 174 and 5162.
58
What is the highest common factor of 2 and 79?
1
What is the greatest common factor of 57 and 9?
3
Calculate the highest common factor of 8 and 40.
8
What is the highest common divisor of 16 and 1264?
16
What is the highest common factor of 868 and 189?
7
What is the greatest common divisor of 32 and 784?
16
Calculate the greatest common factor of 90 and 126.
18
Calculate the highest common factor of 301 and 3225.
43
What is the greatest common factor of 120 and 520?
40
What is the highest common factor of 177 and 21?
3
What is the greatest common divisor of 12 and 564?
12
What is the highest common factor of 24 and 696?
24
Calculate the greatest common divisor of 106 and 6.
2
Calculate the greatest common divisor of 1271 and 899.
31
What is the highest common factor of 150